et z(o) be the second derivative of -o**3/6 + o**2 - 3*o. Let c = 7 + -4. Give z(c).
-1
Let p(r) = -3 + 3*r**2 + 6 + 8 + 0*r**2. Suppose 0 = 5*a + 15, 3*n - 2 = n + 2*a. Let q(k) = -k**2 - 5. Let b(w) = n*p(w) - 5*q(w). Give b(3).
-6
Let d(m) = -m - 1. Let h(q) = -q. Let r(g) = -2*d(g) + 3*h(g). Give r(1).
1
Suppose m = 5*c - 24, -2*c = m - 2 - 9. Let s(u) = -u**3 + u - m - 1 + 1. Let k be ((-2)/2 - 0) + -1. Determine s(k).
5
Let d(j) be the first derivative of 1/4*j**4 - j**3 + j**2 - 3*j - 1. What is d(3)?
3
Let n(u) be the first derivative of u**3/3 + 3*u**2 + 7*u - 33. What is n(-7)?
14
Let u(z) = -z**2 - 1. Let l(x) = 4*x**2 + 4*x + 3. Let s(p) = l(p) + 3*u(p). What is s(-6)?
12
Let w(j) = 10*j - 1. Suppose 8 = -y + 2*i, -3*y = -4*i + 18 - 0. What is w(y)?
-21
Let n(a) be the third derivative of -a**4/24 + a**3/2 - 3*a**2. Suppose -o = -2*d + 12, d + 7 = 4*d + 4*o. Determine n(d).
-2
Let t(j) be the first derivative of j**6/360 + j**5/24 + 8*j**3/3 - 4. Let u(w) be the third derivative of t(w). Determine u(-5).
0
Let x(p) = -6*p + 14*p - 3 - 2 - 9*p. Calculate x(-8).
3
Let c(u) = u**2 + 5*u + 4. Let l = 4 + 2. Suppose 0 = -5*v - 19 - l. Give c(v).
4
Let l(k) = 9*k**2 - 1. Suppose f + 36 = 5*f. Suppose g = -d + 4, -g - g + f = 3*d. Give l(d).
8
Let i(x) = 6*x - 1. Let f(z) = -z + 1. Let t be f(0). What is i(t)?
5
Let b(a) = -6*a - 3. Let j(v) = -v + 1. Let r(n) = -b(n) + 5*j(n). Let q be (-18)/5 + 2/(-5). Determine r(q).
4
Let w be (12/(-30))/((-1)/10). Let c(k) = k**3 - 4*k**2 - k + 4. Determine c(w).
0
Let u(r) = -31*r**3 + 9*r + 11. Let x = 10 + -7. Let a(c) = -19*c**3 + c**3 + 5 + 4*c + x*c**3. Let f(t) = 13*a(t) - 6*u(t). Calculate f(-1).
10
Suppose 4*h + 16 = -2*i, 3*h + 2*h = -2*i - 17. Let f(z) be the second derivative of z**4/12 + z**3 + z**2/2 - 12*z. What is f(i)?
1
Let f(d) be the first derivative of -d**3/3 + d**2/2 + 2*d - 3. Let y = 0 + 0. Determine f(y).
2
Let x(j) = -13*j**2 - 17*j + 4. Let q(c) = 7*c**2 + 9*c - 2. Let z(u) = -11*q(u) - 6*x(u). Let k(f) = f**2 - 6*f - 3. Let i be k(6). Determine z(i).
-2
Suppose 5*y - 14 = 2*z, 2*y - 18 = -y - 2*z. Let j = -8 + y. Let p(o) = o**3 + 3*o**2 - 2*o + 3. Give p(j).
-5
Let a(k) = k**3 + k + k - 5*k + 2*k**2. Suppose 3*b - q + 5 = 0, -q = -0*b + b + 7. Determine a(b).
0
Let k(u) be the second derivative of -u**4/12 + u**3/2 - u. Let y = 134 + -130. What is k(y)?
-4
Let t(n) = -15*n**3 + 18*n**2 - 33*n + 7. Let a(z) = 7*z**3 - 9*z**2 + 16*z - 4. Let v(x) = -13*a(x) - 6*t(x). Determine v(8).
-6
Let h(a) = 6*a - 3. Let z(m) = -m + 1 + 2 + 0 + 4. Let s be z(5). What is h(s)?
9
Let n(w) be the third derivative of w**5/60 + w**4/6 + 2*w**3/3 + 3*w**2. Give n(-5).
9
Let c be (3/(-6) - -2)*2. Suppose -3*t + 7 - 1 = 0. Let h(k) = -3*k**2 + 4*k**2 - 2*k**t + 4*k - 4. What is h(c)?
-1
Let s = 18 - 13. Let o(c) = 4*c**2 - 2*c**2 + c**2 - 4*c**2 + 3*c + 2. What is o(s)?
-8
Let n = -95 + 95. Let q(s) = -s**2 + 9. What is q(n)?
9
Let t(i) = -i**3 + 2*i**2 - 3*i + 3. Suppose -r - 3 = -0. Let f = 33 + -34. Let l be (-7)/(-3) - f/r. Give t(l).
-3
Let g = -46 + 38. Let q(a) = -a**3 - 8*a**2 - a - 1. Determine q(g).
7
Let q(u) be the third derivative of -1/12*u**4 - 1/30*u**5 + 0*u**3 + 0*u - 3*u**2 + 0. Let c(j) = -2*j + 4. Let a be c(3). Determine q(a).
-4
Let p = 4 - 3. Let m = 1 + 0. Let k(g) = 3*g + g + 2 - m. What is k(p)?
5
Let d(o) = o**3 + 4*o**2 + 2*o - 2. Suppose 2*z + 4*w - 10 - 2 = 0, 5*w = -10. Let f be 12*-2*2/6. Let u be (-24)/z + f/(-20). Give d(u).
2
Let u(m) = 2*m**2 + 4 - 6*m - m**2 + 3 - 3. Let b(s) = -s**3 + 6*s**2 + 9*s - 9. Let r be b(7). Calculate u(r).
-1
Let l(n) = -4*n - 4*n - 2*n + 3*n + 10. Let a(f) = -4*f + 5. Let i(r) = -5*a(r) + 3*l(r). Suppose 2*g = 14 - 4, 4*m - 4*g = -20. Give i(m).
5
Suppose -2*x = -10, -3*l + 7 + 14 = 3*x. Let w(z) = -4*z**2 - z**3 + l*z**3 + 0*z**3 - 3. Let o(p) = -p**3 + 22*p**2 - 22*p + 25. Let u be o(21). Give w(u).
-3
Suppose -3*h - 3*g - 6 = 0, -3*g = 4*h - g + 4. Let b(t) = t + h*t + 0 + 4 + 1. What is b(-5)?
0
Let g(j) be the first derivative of -j**4/4 + j**3/3 + j**2 + j - 1. Let c(m) be the first derivative of g(m). Give c(2).
-6
Let t(b) = 2*b**2 - 6*b - 6. Let q be t(5). Let y(d) = d - 13. Let g be y(q). Let a(i) = 5*i**3 - 2*i**2 + 1. What is a(g)?
4
Let x(c) = 8*c - 6. Let u(i) = 4*i - 3. Let p(d) = -5*u(d) + 2*x(d). Give p(2).
-5
Let h(a) = -3*a - 9. Let v be h(-6). Suppose 0*b + 3*b - 15 = 0. Let r be (v/b)/((-3)/(-10)). Let f(n) = n**3 - 5*n**2 - 5*n - 8. Calculate f(r).
-2
Let a(h) = -h. Let k = -9 + 5. Let b(r) = -2*r + 2. Let u be b(k). Suppose -4*s - 2*m = u, 4*s - 2*s = 3*m - 17. Give a(s).
4
Let z(y) be the first derivative of -3*y**4 + y**3/3 + y**2/2 - y - 1. What is z(1)?
-11
Let u(c) = c**3 - c**2 + 1. Let f(k) = 2*k - 15. Let r be f(7). Determine u(r).
-1
Suppose 0*x = 4*y + 2*x + 34, y + 16 = x. Let l(q) = -q**3 - 12*q**2 - 11*q - 5. Calculate l(y).
-5
Let r(v) = -2182*v**2 + 2188*v**2 - 2 + 3. What is r(-1)?
7
Let u(s) = s - 4. Suppose -13 - 2 = -3*f. Suppose -2*x + 7*x = 15. Suppose -i = -f*o + 16, -3*o + x*i + 15 = o. Calculate u(o).
-1
Suppose 5*n + 2*d - 46 = 16, -3*n - d = -37. Let f = n + -8. Let a(z) = -z + 1. What is a(f)?
-3
Let v(o) = -o**3 + 7*o**2 + 9*o - 5. Let n be v(8). Suppose 0 = 2*t - 6 + 2. Suppose t = n*d - d. Let y(z) = -z**3 + z**2 - z. Give y(d).
-1
Let y be 1 - 2/(-1 - 0). Let u(i) be the third derivative of i**6/120 - i**5/15 + i**4/6 + 17*i**2 - 2*i. What is u(y)?
3
Let r(s) = s**3 + 3*s**2 - 3*s - 4. Let c be (-2 - -2)*2/(-4). Suppose c = 5*m + 11 + 4. Let f be ((-6)/5)/(m/(-10)). Give r(f).
-8
Suppose 3*m - 2*x - 29 = 0, -3*m = 2*x - 9 - 16. Let y be (-3)/(-6) + m/2. Let i(w) = -w + 3. Give i(y).
-2
Suppose -4*h - 6 = -2*r + 10, 3 = 3*r + h. Suppose r*o - 8 = -4. Let u = -6 + o. Let x(l) = l - 1. What is x(u)?
-5
Let h(g) = 2*g + g - 4 + 3 + 2. Let a be 2*(-2)/2*-1. Determine h(a).
7
Suppose 0 = 4*u - 0*u - 8. Suppose 3*b + 10 = u*k, -5*k + 20 = -3*b - k. Suppose b = -3*v + 4*v + 3. Let l(p) = -p**3 - 3*p**2 - p + 2. Give l(v).
5
Let w(c) = -c - 4. Let i(s) = s + 4. Let o(d) = -4*i(d) - 3*w(d). Suppose -6*g + g + 5*l = -15, -g - 5*l = -15. Calculate o(g).
-9
Let u be ((-6)/(-4))/((-3)/(-12)). Let c(f) = f - u + 6 + 6 - 2*f. Determine c(3).
3
Let c(o) = -2*o**2 + 4 + 2*o**2 - o**2 - 4*o - 2*o. Calculate c(-6).
4
Suppose 2*l - 4 = -0. Let g(d) = -d + d - 3 + l*d. What is g(6)?
9
Let o(v) = -4*v + 7. Suppose 2*q - 9 + 34 = 5*x, -25 = -q - 5*x. Suppose 4*y - 24 + 4 = q. Calculate o(y).
-13
Let x(c) = -2*c - c + 0*c + 5 - c**2. Suppose 7*p + 6 = -29. Determine x(p).
-5
Let v(c) = -7*c**3 + 11*c**2 + 2*c - 9. Let n(p) = -3*p**3 + 5*p**2 + p - 4. Let o(g) = 9*n(g) - 4*v(g). Calculate o(0).
0
Let r(c) = c**3 + 1. Suppose 0 = 4*l + 2*t - 5 - 7, -5*l - 2*t = -17. Let w(o) = 0*o + 0*o + l*o**3 - 4*o**2 - 5*o. Let k(b) = 4*r(b) - w(b). Determine k(5).
4
Let z(t) = -7*t - 10. Let m be z(-2). Let p(w) = w**2 - 3*w. Calculate p(m).
4
Let n(p) be the second derivative of -p**4/12 - 7*p**3/6 - p**2 + 6*p. Suppose -2*w - 24 = 2*w. Calculate n(w).
4
Let x(b) = -b + 2. Suppose -7*u - 70 = -2*u. Let f = -7 - u. Let l be x(f). Let y(i) = -i**3 - 5*i**2 + 1. Give y(l).
1
Let j = 33 + -20. Suppose 3*r + 2*z - 14 = z, 5*z - j = 4*r. Let d be (-2)/6 + (-11)/r. Let l(v) = v + 6. Give l(d).
2
Let x be (6/(-1))/((-3)/(-2)). Let f(h) be the second derivative of 2*h**2 + 0 + 2*h + 5/6*h**3 + 1/12*h**4. Calculate f(x).
0
Let y(m) = 2*m - 11. Let i(z) = 5*z - 33. Let l(v) = 6*i(v) - 17*y(v). Let c(a) = 3*a + 10. Let b(f) = 5*c(f) + 4*l(f). What is b(6)?
0
Let w(i) = i**3 + 4*i**2 + 2*i + 4. Let u be w(-4). Let m be (1/2)/(u/24). Let c(f) = f**3 + 2*f**2 - 3*f - 4. What is c(m)?
-4
Let z(t) = t**3 + 10*t**2 - 11*t + 5. Let k be z(-11). Let o = -5 - -5. Let x(s) = 2 + 0*s + o*s - s. Calculate x(k).
-3
Let g(o) = 2*o + 7*o - 8*o. Give g(-3).
-3
Let p(u) = u - 4. Let c be p(7). Suppose -c*d + 0*d + 3 = 0. Let l(w) = 6*w**3 + w**2 - 1. What is l(d)?
6
Let v(u) = -2*u**2 - u - 1. Let h(t) = t**2 + 2*t + 3. Let o be h(-2). Suppose -3 = -o*m, p + 2*m - 3*m = 0. Suppose 0 = y + p - 0. What is v(y)?
-2
Let x(u) = u**2 - 2. Let l(b) = b**2 - 2. Let f be (1/3)/((-3)/(-45)). Let v(m) = f*l(m) - 6*x(m). Let n(q) be the first der